 What is h(-2)?
-10
Let r(n) = n**3 + 25*n**2 - 28*n - 41. What is r(-26)?
11
Let b(v) = -2*v + 19. Determine b(8).
3
Let u(z) = 69*z - 475. What is u(7)?
8
Let c(s) = -s**3 - 17*s**2 - 18*s - 305. What is c(-17)?
1
Let l(j) = -61*j**2 - j - 2. Give l(-1).
-62
Let m(z) = 24*z - 225. Give m(9).
-9
Let k(m) = -m**3 - 13*m**2 - 14*m - 23. Calculate k(-12).
1
Let m(h) = 4*h**3 - 2*h - 2. Calculate m(-1).
-4
Let c(y) = 4*y + 6. Calculate c(-1).
2
Let h(y) = 2*y**2 - 2*y - 1. What is h(-2)?
11
Let d(g) = -g**3 + 2*g**2 - 2*g + 17. Calculate d(0).
17
Let v(m) = 3*m**2 + 10*m - 22. Give v(-5).
3
Let m(k) = -k**3 - 12*k**2 - 10*k - 18. Determine m(-11).
-29
Let d(f) = -6*f. Calculate d(3).
-18
Let u(n) = n**2 + 9*n - 22. Give u(-11).
0
Let q(d) = -d**3 - 7*d**2 + d - 2. What is q(-8)?
54
Let i(z) = z**2 + 15*z - 8. Give i(-13).
-34
Let l(z) = -z**3 + z**2 + 10*z + 7. What is l(-3)?
13
Let u(v) = -2*v**2 - 14*v - 20. What is u(-9)?
-56
Let n(r) = -2*r**2 - r - 11. What is n(0)?
-11
Let j(x) = -6*x + 250. Give j(40).
10
Let q(r) = 3*r - 12. Calculate q(8).
12
Let c(m) = 6*m - 50. What is c(16)?
46
Let f(h) = -h**3 + 7*h**2 - h + 8. Give f(7).
1
Let o(p) = p**3 - p**2 - 2*p + 7. Calculate o(0).
7
Let r(c) = 2*c**2 + 8*c + 5. What is r(-6)?
29
Let y(u) = 3*u - 52. What is y(7)?
-31
Let z(x) = x**2 + 8*x - 19. Give z(-13).
46
Let d(t) = 16*t**3 + t**2 + t. Give d(-1).
-16
Let g(x) = -10*x + 4. What is g(7)?
-66
Let c(i) = i**3 - 5*i**2 + i + 13. What is c(4)?
1
Let i(g) = 3*g + 2. What is i(2)?
8
Let t(u) = -u**2 - 14*u - 14. What is t(-13)?
-1
Let v(c) = c**3 + 6*c**2 - 2*c - 6. Determine v(-6).
6
Let v(z) = z**2 - 18*z + 6. Calculate v(21).
69
Let c(m) = m**3 - 27*m**2 - 32*m + 105. Determine c(28).
-7
Let r(g) = g**2 - 8*g - 5. Calculate r(10).
15
Let w(x) = -3*x - 45. Calculate w(6).
-63
Let i(a) = a**2 + 5*a - 3. What is i(-5)?
-3
Let o(p) = -p**2 + p + 9. Calculate o(4).
-3
Let t(x) = 2*x - 5. Give t(0).
-5
Let q(o) = -o**3 - 44*o**2 - 45*o - 144. Determine q(-43).
-58
Let s(u) = -u**3 + 7*u**2 + 4*u - 13. Calculate s(6).
47
Let d(z) = -2*z - 8. Give d(-7).
6
Let r(b) = b**2 - 4*b - 2. Give r(12).
94
Let s(z) = z**2 - 21*z + 48. What is s(16)?
-32
Let f(l) = -l**2 + 11*l + 1. Calculate f(9).
19
Let l(d) = 4*d**2 + 14*d - 3. What is l(-4)?
5
Let k(z) = -z**3 - 7*z**2 - z - 10. What is k(-7)?
-3
Let d(k) = k**2 - 8*k - 135. Give d(16).
-7
Let i(u) = -u**3 + 3*u + 17. Give i(3).
-1
Let d(w) = -w**2 - 3*w + 5. Calculate d(2).
-5
Let a(o) = -8*o + 4. Give a(-2).
20
Let a(l) = -17*l + 185. What is a(11)?
-2
Let l(w) = w**3 + 8*w**2 - 14*w - 52. What is l(-9)?
-7
Let s(r) = r**2 - 6*r + 3. Give s(2).
-5
Let m(r) = -r**2 - 2*r + 2. Determine m(-5).
-13
Let p(t) = -t - 3. Determine p(5).
-8
Let w(p) = p**3 - 33. Determine w(0).
-33
Let g(w) = -34*w**3 - w**2 + 4*w - 2. Determine g(1).
-33
Let b(h) = -7*h**2 + 63*h - 11. Calculate b(9).
-11
Let m(y) = -y**3 - 2*y**2 + 2*y + 6. What is m(3)?
-33
Let s(a) = -a**2 - 21*a + 27. What is s(-22)?
5
Let l(p) = -p**3 - 4*p**2 - 3*p - 4. Determine l(-4).
8
Let q(t) = -t**3 - 32*t**2 - 32*t - 64. What is q(-31)?
-33
Let y(f) = -f**3 - 2*f**2 + 5*f - 4. Determine y(3).
-34
Let a(i) = 4*i**2 + 10*i + 3. Determine a(-4).
27
Let s(r) = -12*r + 44. Calculate s(7).
-40
Let z(w) = -2*w**3 - 2*w**2 - 6*w - 7. Calculate z(-4).
113
Let d(v) = v**3 + 9*v**2 + 4*v + 7. Calculate d(-9).
-29
Let c(i) = -9*i**3 + 2*i**2 + 3*i. Determine c(-1).
8
Let y(d) = -2*d - 21. Calculate y(-9).
-3
Let q(h) = -h**2 - 23*h - 134. Give q(-12).
-2
Let d(k) = -k**2 - 20*k + 91. What is d(-24)?
-5
Let d(o) = 2*o**3 - 4*o**2 + 2*o + 2. Give d(3).
26
Let l(y) = y - 8. Determine l(7).
-1
Let n(b) = 2*b**2 + 10*b - 7. What is n(-5)?
-7
Let q(l) = 2*l - 6. Calculate q(4).
2
Let q(k) = -k**2 + 8*k - 7. Calculate q(10).
-27
Let r(a) = 3*a**3 - 3*a**2 - 2*a + 4. Determine r(3).
52
Let j(f) = f - 6. What is j(5)?
-1
Let z(v) = -v**3 - 15*v**2 + 16*v + 1. Determine z(-16).
1
Let z(t) = -t**2 + 18*t - 12. What is z(19)?
-31
Let q(f) = -f**2 - 2*f - 29. What is q(0)?
-29
Let m(s) = s - 17. What is m(19)?
2
Let n(g) = -g**3 - 3*g**2 - 15*g - 52. What is n(-3)?
-7
Let m(j) = -j + 14. What is m(10)?
4
Let o(x) = x**3 - 12*x**2 + 9*x + 12. What is o(11)?
-10
Let z(b) = -b**3 + 16*b**2 - 31*b + 45. Give z(14).
3
Let l(u) = -u**3 + 7*u**2 - 6*u + 2. Determine l(4).
26
Let w(c) = -8*c**2 - 8*c + 19. What is w(2)?
-29
Let x(k) = 4*k**3 - 4*k**2 - 2*k. Give x(2).
12
Let i(p) = 7*p**2 - p. Calculate i(1).
6
Let j(g) = g**2 - 2*g + 13. Determine j(0).
13
Let u(n) = n**2 + 2*n. Give u(-3).
3
Let l(g) = -g**2 + 5*g - 2. Calculate l(-4).
-38
Let t(p) = p**3 - 3*p**2 - 10*p + 18. Determine t(4).
-6
Let y(a) = -4*a + 46. Give y(11).
2
Let l(b) = b**3 - 6*b**2 + 2*b - 11. What is l(5)?
-26
Let p(o) = -3*o**2 - 2*o + 20. Calculate p(3).
-13
Let i(c) = c**2 + 7*c - 73. What is i(6)?
5
Let g(x) = -11*x**3 + 57*x**2 - 8*x - 1. Calculate g(5).
9
Let s(i) = -i**2 - 3*i + 16. Give s(-6).
-2
Let o(k) = 12*k - 100. Give o(7).
-16
Let p(r) = -r + 29. Give p(9).
20
Let n(r) = r**2 - 14*r + 24. Calculate n(11).
-9
Let u(x) = 3*x - 13. Calculate u(3).
-4
Let f(r) = -r**3 + r**2 + 2*r + 9. Give f(0).
9
Let m(y) = 3*y - 20. Determine m(11).
13
Let o(c) = c + 4. Calculate o(-4).
0
Let n(g) = g**2 + 15*g + 60. Determine n(-8).
4
Let h(t) = 2*t**2 + 18*t + 34. Determine h(-2).
6
Let t(k) = 3*k - 42. Give t(11).
-9
Let d(c) = -4*c**2 - 2*c - 10. Give d(-2).
-22
Let u(g) = -2*g**2 + 114*g + 110. Determine u(58).
-6
Let q(h) = 63*h - 950. Determine q(15).
-5
Let b(k) = 40*k**3 - 4*k + 2. Give b(1).
38
Let k(r) = r - 6. Calculate k(-13).
-19
Let m(w) = w**3 + 7*w**2 + 10*w + 3. Determine m(-4).
11
Let a(r) = -r**3 - 8*r**2 - 3*r + 10. Determine a(-5).
-50
Let n(x) = -2*x**2 + 5*x - 3. Determine n(3).
-6
Let n(d) = -193*d - 194. Determine n(-1).
-1
Let r(k) = 9*k + 1. Calculate r(3).
28
Let c(w) = -2*w**2 + 8*w - 1. Determine c(5).
-11
Let f(m) = 2*m**3 + 8*m**2 - 2. What is f(-4)?
-2
Let h(w) = -w**3 - 5*w**2 - 6*w - 6. Determine h(-2).
-6
Let z(t) = -t**3 + 6*t**2 - 2*t - 5. What is z(5)?
10
Let c(p) = p**3 - 14*p**2 + 24*p - 6. Determine c(12).
-6
Let c(l) = l**3 - l**2 - 3*l - 9. What is c(4)?
27
Let w(m) = m**2 - 22*m + 120. Give w(13).
3
Let y(d) = -d**3 + 22*d**2 - 20*d - 70. What is y(21)?
-49
Let m(z) = -3*z**2 + 4*z + 3. What is m(-4)?
-61
Let x(s) = -2*s + 39. Determine x(26).
-13
Let w(j) = -2*j**3 + 33*j**2 + 57*j - 52. Calculate w(18).
2
Let i(w) = -w**2 + 2*w + 7. What is i(5)?
-8
Let w(a) = -a**3 - 5*a**2 + 5. What is w(-4)?
-11
Let c(m) = 3*m**2 - 5*m - 3. Give c(3).
9
Let k(x) = 12*x - 368. Determine k(31).
4
Let o(q) = 5*q**2 - 2*q. What is o(-2)?
24
Let a(r) = 78*r**2 + 2*r - 1. Determine a(-1).
75
Let u(v) = -5*v**2 - 10*v - 9. Determine u(-1).
-4
Let a(y) = 48*y**2 + y. Give a(1).
49
Let v(u) = -2*u**2 - u - 8. Calculate v(-4).
-36
Let f(x) = 3*x**2 + 4*x + 3. What is f(-1)?
2
Let y(d) = 5*d - 24. Calculate y(3).
-9
Let q(l) = -l**3 - 4*l**2 + 8*l + 12. Determine q(-5).
-3
Let o(i) = 3*i + 2. Give o(-11).
-31
Let g(c) = c**3 + 2*c**2 + 3*c + 3. Give g(3).
57
Let x(g) = g**2 - 9. Determine x(4).
7
Let x(l) = -l**2 - 15*l + 133. Calculate x(-21).
7
Let i(k) = -56*k + 7. Determine i(0).
7
Let u(x) = -x + 19. Determine u(16).
3
Let b(p) = 60*p + 2. Calculate b(-1).
-58
Let t(f) = -f + 2. Calculate t(-6).
8
Let s(i) = i**3 + 10*i**2 - 7*i - 6. Calculate s(-10).
64
Let k(s) = 2*s - 3. Calculate k(-2).
-7
Let o(k) = k**3 + 2*k**2 - 4*k + 4. Calculate o(0).
4
Let l(s) = 124*s + 1. What is l(0)?
1
Let x(l) = -l**3 - 2*l**2 - 2*l + 10. Give x(2).
-10
Let y(b) = b**3 + 12*b**2 - 10*b + 6. What is y(-13)?
-33
Let t(b) = 8*b + 19. What is t(-11)?
-69
Let h(g) = g**3 + 13*g**2 + 10*g - 19. Determine h(-12).
5
Let p(y) = y**3 + 12*y**2 + 12*y + 2. Give p(-9).
137
Let t(j) = -4*j**2 + j - 4. Give t(2).
-18
Let y(n) = -22*n + 402. Calculate y(18).
6
Let c(q) = 17*q + 245. Give c(-13).
24
Let p(x) = -2*x**3 + 4*x**2 + x + 9. Determine p(4).
-51
Let k(v) = -v**2 + 10*v - 3. Give k(7).
18
Let y(r) = -r**2 + 14*r - 17. Give y(12).
7
Let y(z) = z**3 - z**2 + 7*z - 27. Give y(3).
12
Let o(r) = -2*r**2 - r + 2. Give o(1).
-1
Let j(x) = -13*x + 2. What is j(-1)?
15
Let k(u) = -6*u + 1. What is k(-3)?
1